 composite number?
False
Is 806317 a prime number?
True
Is 21492209 composite?
True
Is 3543809 prime?
False
Is 48676249 a composite number?
True
Is 11583787 composite?
True
Is 472983851 a prime number?
True
Is 13212271 a prime number?
False
Is 2986265 a composite number?
True
Is 75467878 composite?
True
Is 2998223 prime?
False
Is 6920869 prime?
True
Is 17408841 a prime number?
False
Is 9823699 a composite number?
True
Is 1423937 prime?
False
Is 9253435 a composite number?
True
Is 20516681 composite?
False
Is 101847617 prime?
False
Is 347486879 a prime number?
True
Is 485658154 a composite number?
True
Is 38155979 a prime number?
True
Is 18827687 a composite number?
True
Is 705821 prime?
True
Is 179195831 prime?
True
Is 1236786189 composite?
True
Is 16776289 prime?
True
Is 9380597 a composite number?
False
Is 32004923 composite?
True
Is 34924823 prime?
False
Is 1760449 composite?
False
Is 194756797 a composite number?
False
Is 74330441 a composite number?
False
Is 104239801 composite?
True
Is 86647 a prime number?
False
Is 8675659 prime?
False
Is 188351979 a composite number?
True
Is 76019851 composite?
False
Is 62686099 a prime number?
False
Is 10545391 composite?
True
Is 84203881 prime?
True
Is 73944209 a composite number?
True
Is 55521923 a prime number?
True
Is 15159358 composite?
True
Is 670211 composite?
False
Is 1872197 a prime number?
False
Is 2585549 a composite number?
False
Is 228806387 composite?
True
Is 88960967 a prime number?
False
Is 62763851 composite?
False
Is 88200899 a composite number?
False
Is 137234227 composite?
True
Is 603816877 a composite number?
True
Is 17929099 a prime number?
True
Is 77358637 a prime number?
False
Is 7616861 a composite number?
True
Is 350735171 a composite number?
True
Is 17221606 a prime number?
False
Is 24046189 composite?
True
Is 13898327 a prime number?
True
Is 577453 a prime number?
True
Is 16406711 a composite number?
False
Is 4436807 composite?
True
Is 1991807 a prime number?
False
Is 312096793 prime?
False
Is 72124787 a prime number?
False
Is 4274966 composite?
True
Is 76516943 a composite number?
False
Is 30676609 prime?
False
Is 7907245 a composite number?
True
Is 3474523 composite?
True
Is 188999 prime?
True
Is 57972797 composite?
False
Is 118297 prime?
True
Is 55903369 composite?
False
Is 28589017 prime?
True
Is 3337157 composite?
True
Is 354173 a prime number?
False
Is 513136297 composite?
True
Is 27294191 a prime number?
False
Is 4605863 a composite number?
True
Is 49000849 prime?
False
Is 44581123 prime?
False
Is 2974817 prime?
True
Is 3479653 composite?
False
Is 2539951 composite?
False
Is 3779387 prime?
True
Is 11472367 prime?
False
Is 36891707 a prime number?
True
Is 168676987 a prime number?
False
Is 7139159 prime?
False
Is 34334269 composite?
True
Is 10729093 composite?
False
Is 223393 a composite number?
True
Is 1641863 a prime number?
True
Is 34388099 prime?
True
Is 172977523 a prime number?
True
Is 7551173 a composite number?
True
Is 84876377 composite?
False
Is 25180289 composite?
False
Is 2843669 prime?
False
Is 3293383 prime?
False
Is 912997 composite?
True
Is 18791915 composite?
True
Is 41502991 a prime number?
True
Is 1670597 composite?
False
Is 15180353 a composite number?
True
Is 1213309 prime?
False
Is 19249081 a composite number?
False
Is 37950229 composite?
False
Is 30171761 prime?
False
Is 123489731 a composite number?
True
Is 24277511 composite?
True
Is 2366473 composite?
False
Is 35792453 composite?
False
Is 483787 a prime number?
True
Is 60272881 a composite number?
True
Is 1450199 prime?
True
Is 1937197 composite?
False
Is 29075053 composite?
True
Is 10430747 prime?
True
Is 4751759 a composite number?
True
Is 14378501 a composite number?
False
Is 236850629 a composite number?
False
Is 28905367 a prime number?
False
Is 4616347 a prime number?
True
Is 42683489 composite?
True
Is 10971629 a composite number?
False
Is 19305059 composite?
False
Is 920891 prime?
True
Is 2823749 a prime number?
True
Is 22186541 composite?
True
Is 16232509 composite?
False
Is 714888919 composite?
False
Is 1317013 prime?
True
Is 39371623 a prime number?
True
Is 86096651 prime?
False
Is 65462561 composite?
False
Is 3204463 a prime number?
True
Is 3554461 a prime number?
True
Is 1273879 composite?
False
Is 4519987 a prime number?
False
Is 24879829 composite?
True
Is 44193913 a composite number?
True
Is 111296081 composite?
True
Is 33490169 a prime number?
False
Is 37617 a prime number?
False
Is 16444201 prime?
True
Is 4665653 composite?
False
Is 124957 a composite number?
True
Is 181667 composite?
False
Is 205957705 composite?
True
Is 9270997 a composite number?
True
Is 24032209 prime?
False
Is 85141555 composite?
True
Is 6601883 a prime number?
True
Is 5068643 prime?
False
Is 37887167 composite?
False
Is 14881117 a composite number?
False
Is 2016821 a composite number?
False
Is 2958077 a composite number?
False
Is 7130519 a prime number?
False
Is 849271 a prime number?
True
Is 105652889 prime?
False
Is 3725179 prime?
True
Is 54876587 a prime number?
False
Is 12953699 a composite number?
True
Is 761258 prime?
False
Is 44491807 composite?
False
Is 118018699 composite?
False
Is 4314431 a prime number?
False
Is 1492531 composite?
True
Is 350148041 a composite number?
False
Is 16700403 a prime number?
False
Is 891377 composite?
False
Is 42880403 a composite number?
True
Is 756733 a composite number?
True
Is 652033 prime?
True
Is 4270829 composite?
False
Is 3675923 composite?
False
Is 367458745 a composite number?
True
Is 2676515 prime?
False
Is 122906261 a prime number?
True
Is 3198099371 a prime number?
True
Is 7338169 a prime number?
False
Is 139708157 prime?
True
Is 14737439 a prime number?
True
Is 60249083 a composite number?
False
Is 13021369 prime?
False
Is 5833619 a prime number?
False
Is 64495237 a prime number?
True
Is 3966029 a prime number?
True
Is 1458007 a composite number?
True
Is 675017 a composite number?
True
Is 48947 a prime number?
True
Is 676703 a composite number?
False
Is 23990767 a prime number?
True
Is 22972987 prime?
True
Is 242773 a composite number?
False
Is 776386469 a composite number?
True
Is 3264563 composite?
True
Is 141364547 prime?
True
Is 25135546 a composite number?
True
Is 12418633 a prime number?
True
Is 8116093 a composite number?
False
Is 5843681 prime?
False
Is 2847503 prime?
False
Is 41406347 prime?
True
Is 3673337 a prime number?
True
Is 659114 a prime number?
False
Is 59218127 prime?
False
Is 22186457 composite?
True
Is 6569159 composite?
True
Is 22095899 prime?
False
Is 208270807 prime?
False
Is 25389487 a composite number?
False
Is 242245 prime?
False
Is 64688831 a prime number?
True
Is 20599157 prime?
False
Is 43736599 a composite number?
False
Is 236661 composite?
True
Is 161172107 a composite number?
True
Is 6276782 a composite number?
True
Is 104261569 a prime number?
False
Is 20603939 a composite number?
True
Is 30052943 prime?
False
Is 43062311 a prime number?
True
Is 95593033 a prime number?
False
Is 20556667 prime?
True
Is 25230547 a prime number?
True
Is 222842843 a prime number?
False
Is 24479537 a prime number?
True
Is 87018145 prime?
False
Is 28974685 composite?
True
Is 399043 composite?
False
Is 8375803 composite?
False
Is 16220419 composite?
False
Is 19755053 a prime number?
True
Is 3072161 composite?
False
Is 3210299 prime?
False
Is 7401011 composite?
True
Is 552706697 a composite number?
False
Is 8681429 composite?
False
Is 6363314 a prime number?
False
Is 1895831 a prime number?
False
Is 42695813 a composite number?
False
Is 9946871 a prime number?
False
Is 1010237 composite?
False
Is 1172971 a composite number?
True
Is 21646363 a composite number?
False
Is 1719187 a composite number?
False
Is 47394143 prime?
True
Is 5718733 a prime number?
False
Is 1936097 composite?
False
Is 725479 a prime number?
True
Is 849689 a composite number?
True
Is 1788627 a prime number?
False
Is 6370477 composite?
False
Is 234782477 prime?
True
Is 459909301 prime?
False
Is 10438657 a composite number?
True
Is 9928693 prime?
True
Is 52573049 prime?
True
Is 2537569 prime?
False
Is 610253 composite?
True
Is 11729053 composite?
True
Is 7438771 a prime number?
False
Is 431911 a prime number?
True
Is 2972663 a composite number?
False
Is 23105651 a comp